{"id":7,"date":"2023-03-21T13:07:15","date_gmt":"2023-03-21T13:07:15","guid":{"rendered":"https:\/\/repas-consulting.de\/?page_id=7"},"modified":"2023-03-21T13:32:09","modified_gmt":"2023-03-21T13:32:09","slug":"zu-meiner-person","status":"publish","type":"page","link":"https:\/\/repas-consulting.de\/","title":{"rendered":"Zu meiner Person"},"content":{"rendered":"\n<p class=\"has-text-align-left has-small-font-size\"><strong>Freelancer \/ IT Consultant im Projektmanagement mit den Schwerpunkten in<\/strong> der<strong> Business Analyse, Requierements Engineering, UI &amp; UX, Testing \/ Test Management und Process Management<\/strong><\/p>\n\n\n\n<p class=\"has-medium-font-size\"><\/p>\n\n\n\n<p class=\"has-small-font-size\">Im <strong>Versicherungsumfeld <\/strong>habe ich mehr als 15 Jahre Berufserfahrung und davon 8 Jahre im klassischen als auch agilen <strong>Projektumfeld<\/strong>. <\/p>\n\n\n\n<p class=\"has-small-font-size\">Meine Schwerpunkte liegen dabei im Requirements Engineering \/ Management, UX \/UI, Test-und Qualit\u00e4tsmanagement sowie Business Process Management.<\/p>\n\n\n\n<p class=\"has-small-font-size\">Ich verf\u00fcge \u00fcber breit gef\u00e4cherte Versicherungskenntnisse sowie tiefgr\u00fcndiges Fachwissen im Leistungsmanagement der Kranken- und Unfallversicherung sowie dem Vertriebsmanagement. <\/p>\n\n\n\n<p class=\"has-small-font-size\">Gerne \u00fcberzeuge ich Sie durch mein Know-How, welches durch Weiterbildungen und Zertifikate belegt ist.<\/p>\n","protected":false},"excerpt":{"rendered":"<p>Freelancer \/ IT Consultant im Projektmanagement mit den Schwerpunkten in der Business Analyse, Requierements Engineering, UI &amp; UX, Testing \/ Test Management und Process Management Im Versicherungsumfeld habe ich mehr als 15 Jahre Berufserfahrung und davon 8 Jahre im klassischen als auch agilen Projektumfeld. Meine Schwerpunkte liegen dabei im Requirements Engineering \/ Management, UX \/UI, [&hellip;]<\/p>\n","protected":false},"author":1,"featured_media":0,"parent":0,"menu_order":0,"comment_status":"closed","ping_status":"closed","template":"","meta":{"footnotes":""},"class_list":["post-7","page","type-page","status-publish","hentry","post"],"_links":{"self":[{"href":"https:\/\/repas-consulting.de\/index.php?rest_route=\/wp\/v2\/pages\/7","targetHints":{"allow":["GET"]}}],"collection":[{"href":"https:\/\/repas-consulting.de\/index.php?rest_route=\/wp\/v2\/pages"}],"about":[{"href":"https:\/\/repas-consulting.de\/index.php?rest_route=\/wp\/v2\/types\/page"}],"author":[{"embeddable":true,"href":"https:\/\/repas-consulting.de\/index.php?rest_route=\/wp\/v2\/users\/1"}],"replies":[{"embeddable":true,"href":"https:\/\/repas-consulting.de\/index.php?rest_route=%2Fwp%2Fv2%2Fcomments&post=7"}],"version-history":[{"count":3,"href":"https:\/\/repas-consulting.de\/index.php?rest_route=\/wp\/v2\/pages\/7\/revisions"}],"predecessor-version":[{"id":57,"href":"https:\/\/repas-consulting.de\/index.php?rest_route=\/wp\/v2\/pages\/7\/revisions\/57"}],"wp:attachment":[{"href":"https:\/\/repas-consulting.de\/index.php?rest_route=%2Fwp%2Fv2%2Fmedia&parent=7"}],"curies":[{"name":"wp","href":"https:\/\/api.w.org\/{rel}","templated":true}]}}